hat is the units digit of 622956?
6
What is the tens digit of 104303?
0
What is the units digit of 10788277?
7
What is the thousands digit of 3708949?
8
What is the hundred thousands digit of 2144764?
1
What is the tens digit of 12459?
5
What is the thousands digit of 11417586?
7
What is the tens digit of 225729?
2
What is the millions digit of 6956254?
6
What is the tens digit of 1131166?
6
What is the ten thousands digit of 17866799?
6
What is the ten thousands digit of 280584?
8
What is the ten thousands digit of 231078?
3
What is the units digit of 143648?
8
What is the ten thousands digit of 147559?
4
What is the hundreds digit of 2787191?
1
What is the ten thousands digit of 1007556?
0
What is the ten thousands digit of 6925628?
2
What is the hundred thousands digit of 11808038?
8
What is the units digit of 654746?
6
What is the units digit of 7223397?
7
What is the millions digit of 3774053?
3
What is the thousands digit of 6467736?
7
What is the tens digit of 183115?
1
What is the thousands digit of 715500?
5
What is the millions digit of 14363535?
4
What is the tens digit of 8645?
4
What is the tens digit of 3918397?
9
What is the ten thousands digit of 280262?
8
What is the thousands digit of 474176?
4
What is the units digit of 1811739?
9
What is the hundred thousands digit of 9864311?
8
What is the hundreds digit of 252942?
9
What is the hundreds digit of 1234695?
6
What is the ten thousands digit of 8431200?
3
What is the ten thousands digit of 3816545?
1
What is the units digit of 15704799?
9
What is the hundred thousands digit of 1879271?
8
What is the hundreds digit of 315702?
7
What is the hundreds digit of 1247094?
0
What is the hundreds digit of 1336217?
2
What is the ten thousands digit of 2320219?
2
What is the millions digit of 11387687?
1
What is the hundreds digit of 112398?
3
What is the hundred thousands digit of 8346444?
3
What is the ten thousands digit of 1194012?
9
What is the thousands digit of 1477981?
7
What is the ten thousands digit of 15907442?
0
What is the hundred thousands digit of 281864?
2
What is the thousands digit of 1780264?
0
What is the thousands digit of 406749?
6
What is the hundreds digit of 126087?
0
What is the hundred thousands digit of 17789782?
7
What is the ten thousands digit of 331886?
3
What is the thousands digit of 14484453?
4
What is the ten thousands digit of 118164?
1
What is the thousands digit of 298603?
8
What is the ten thousands digit of 10793?
1
What is the tens digit of 1535762?
6
What is the hundred thousands digit of 227618?
2
What is the hundreds digit of 18543405?
4
What is the ten millions digit of 16856513?
1
What is the hundred thousands digit of 575094?
5
What is the units digit of 4628945?
5
What is the hundred thousands digit of 4785028?
7
What is the hundred thousands digit of 401174?
4
What is the units digit of 10678585?
5
What is the tens digit of 9948072?
7
What is the millions digit of 5763535?
5
What is the millions digit of 4021186?
4
What is the thousands digit of 36278?
6
What is the ten thousands digit of 9001898?
0
What is the hundreds digit of 422983?
9
What is the hundreds digit of 565149?
1
What is the hundred thousands digit of 1450894?
4
What is the hundreds digit of 1596520?
5
What is the millions digit of 18326133?
8
What is the thousands digit of 7629069?
9
What is the hundred thousands digit of 2918359?
9
What is the units digit of 7329467?
7
What is the hundreds digit of 246331?
3
What is the tens digit of 13384982?
8
What is the tens digit of 260472?
7
What is the millions digit of 1050517?
1
What is the thousands digit of 221773?
1
What is the hundreds digit of 5969558?
5
What is the hundreds digit of 712376?
3
What is the hundreds digit of 389688?
6
What is the hundreds digit of 38987?
9
What is the thousands digit of 16478104?
8
What is the tens digit of 17725040?
4
What is the units digit of 714306?
6
What is the tens digit of 134263?
6
What is the ten thousands digit of 16305353?
0
What is the millions digit of 13645866?
3
What is the millions digit of 1430470?
1
What is the units digit of 1419380?
0
What is the hundred thousands digit of 547348?
5
What is the units digit of 3172267?
7
What is the hundred thousands digit of 2819317?
8
What is the hundreds digit of 133552?
5
What is the tens digit of 28730?
3
What is the hundred thousands digit of 33957509?
9
What is the ten thousands digit of 1091228?
9
What is the units digit of 4424170?
0
What is the hundred thousands digit of 156719?
1
What is the hundred thousands digit of 3848498?
8
What is the hundreds digit of 210061?
0
What is the tens digit of 394471?
7
What is the thousands digit of 10063855?
3
What is the hundreds digit of 2521061?
0
What is the hundreds digit of 323760?
7
What is the ten thousands digit of 237628?
3
What is the ten thousands digit of 14032998?
3
What is the units digit of 243540?
0
What is the units digit of 430469?
9
What is the thousands digit of 923855?
3
What is the hundreds digit of 560558?
5
What is the ten thousands digit of 63207?
6
What is the tens digit of 26647?
4
What is the hundreds digit of 122031?
0
What is the millions digit of 9492861?
9
What is the hundred thousands digit of 27702207?
7
What is the hundreds digit of 179425?
4
What is the tens digit of 21395610?
1
What is the ten thousands digit of 359256?
5
What is the ten thousands digit of 132312?
3
What is the millions digit of 2750900?
2
What is the ten thousands digit of 34994?
3
What is the thousands digit of 24858408?
8
What is the tens digit of 229142?
4
What is the thousands digit of 13916627?
6
What is the ten thousands digit of 18960542?
6
What is the tens digit of 101169?
6
What is the thousands digit of 527509?
7
What is the hundreds digit of 3027549?
5
What is the tens digit of 1451161?
6
What is the hundred thousands digit of 563097?
5
What is the ten thousands digit of 6046696?
4
What is the hundred thousands digit of 17841939?
8
What is the millions digit of 2430137?
2
What is the tens digit of 1475766?
6
What is the units digit of 1800197?
7
What is the units digit of 712693?
3
What is the units digit of 16556187?
7
What is the hundreds digit of 15108385?
3
What is the ten thousands digit of 165348?
6
What is the tens digit of 7123858?
5
What is the ten thousands digit of 410015?
1
What is the ten thousands digit of 603676?
0
What is the hundred thousands digit of 11327976?
3
What is the ten thousands digit of 56869?
5
What is the units digit of 1923889?
9
What is the hundreds digit of 13434980?
9
What is the ten thousands digit of 4575902?
7
What is the units digit of 2058244?
4
What is the millions digit of 7321989?
7
What is the ten thousands digit of 622639?
2
What is the hundreds digit of 9411302?
3
What is the thousands digit of 4425724?
5
What is the ten thousands digit of 5108310?
0
What is the hundred thousands digit of 568744?
5
What is the millions digit of 5390806?
5
What is the thousands digit of 261293?
1
What is the ten thousands digit of 246216?
4
What is the units digit of 5084347?
7
What is the millions digit of 28859855?
8
What is the hundred thousands digit of 639319?
6
What is the tens digit of 718351?
5
What is the hundred thousands digit of 626463?
6
What is the hundreds digit of 2380?
3
What is the tens digit of 72258?
5
What is the millions digit of 3688106?
3
What is the thousands digit of 13262?
3
What is the units digit of 252743?
3
What is the tens digit of 263899?
9
What is the hundreds digit of 351936?
9
What is the hundreds digit of 144609?
6
What is the thousands digit of 1012111?
2
What is the hundred thousands digit of 3384733?
3
What is the units digit of 1438480?
0
What is the tens digit of 347628?
2
What is the units digit of 4630?
0
What is the tens digit of 2130175?
7
What is the millions digit of 1009102?
1
What is the tens digit of 158024?
2
What is the hundreds digit of 841475?
4
What is the tens digit of 382638?
3
What is the millions digit of 2313994?
2
What is the millions digit of 22302724?
2
What is the hundred thousands digit of 160695?
1
What is the ten thousands digit of 153398?
5
What is the tens digit of 3943507?
0
What is the ten thousands digit of 77005?
7
What is the tens digit of 78936?
3
What is the hundred tho